 -q - 7. Let f(h) = -2*h - 14. Let j(o) = 3*f(o) - 7*z(o). Determine j(-5).
2
Suppose -4*v = -2*v - 10. Let b(i) = 3*i**3 - 6*i**2 - 5*i + 4. Let j(c) = -4*c**3 + 7*c**2 + 5*c - 5. Let r(q) = 3*b(q) + 2*j(q). Calculate r(v).
2
Suppose -i = 2*i + 27. Let f be i/(-1)*8/(-6). Let p(v) = -22*v - 12. Let n(m) = 9*m + 5. Let a(k) = f*n(k) - 5*p(k). Determine a(2).
4
Let n(c) = -c**2 - 8*c - 5. Let t = 21 + -7. Suppose -t = 3*j + 7. Calculate n(j).
2
Let z(f) = -7*f**2 - f + 8. Let l(n) = 13*n**2 + 7*n - 3. Let b(x) = -38*x**2 - 20*x + 10. Let h(w) = -5*b(w) - 14*l(w). Let q(d) = 6*h(d) + 7*z(d). Give q(6).
2
Let u = 10 + -1. Suppose u = q + 14. Let v(h) = h**2 + 3*h - 7. Let l(k) = -k**2 - 3*k + 6. Let x(y) = 4*l(y) + 3*v(y). Calculate x(q).
-7
Let a(q) = -q**2 + 3*q + 7. Let i be a(5). Let n(p) be the third derivative of 0 - 3*p**2 + 1/6*p**3 - 1/24*p**4 + 0*p. Calculate n(i).
4
Let x(d) = 2*d - d**3 + 7*d**3 + 5 + d**2 - 2 - 2. Suppose 2*v + 2*q = -0*v + 2, 5*q - 11 = v. Determine x(v).
-6
Let w(n) = 8*n + 3 - 5 - 7*n. Let l be -6*((-14)/6 - -2). Determine w(l).
0
Let d be 1*-1 - 1 - 24/8. Let y(w) = -w**3 - 6*w**2 - 7*w - 3. Calculate y(d).
7
Let l be 2/6 + 77/(-33). Let v(h) = 10*h. Let b(p) = p. Let g(k) = 5*b(k) - v(k). Calculate g(l).
10
Let b(x) be the first derivative of 2*x**3/3 + x**2 - 2*x + 2. Let t be b(-2). Let q(o) = -3*o**t + 2*o + 0*o + o**2 - o**3 - 1. What is q(-3)?
2
Let i(c) = -c**3 - 3*c**3 + 0*c**2 - 3 + 2*c - 2*c**2 + 5*c**3. Give i(2).
1
Let f(w) = -4*w**2 - 5*w + 3. Let c(a) = -5*a**2 - 6*a + 4. Suppose 0 = j + 4*j. Suppose -4*o - o + 30 = j. Let u(k) = o*f(k) - 5*c(k). Determine u(-2).
2
Suppose 3*i - 4*i = -5. Let g = i + -5. Let p(l) = -l**3 - l**2 + 11. What is p(g)?
11
Let n(r) = r**3 - 2 - 4*r**2 - 6 + 3 + 3*r. Let f = 5 + -1. What is n(f)?
7
Let h(r) be the third derivative of -r**5/30 + 5*r**4/24 - r**3/3 + 11*r**2. Let w(n) = n**2 + 10*n + 3. Let y be w(-10). Determine h(y).
-5
Let n(s) = 4*s**3 + 10*s**2 + 5*s. Let x(u) = -3*u**3 - 9*u**2 - 4*u + 1. Let r(m) = -4*n(m) - 5*x(m). Give r(5).
-5
Let b(o) = -3*o. Suppose -5*u = 2*u + 28. Let f = u + 2. Calculate b(f).
6
Let y = 5 - 3. Suppose -d - y*w = 2*w - 19, -2*d - 2 = -2*w. Let o(t) = -t**3 + 4*t**2 - 4. What is o(d)?
5
Let o(j) = -3*j**2 - 16*j + 9*j**2 - 4*j**2 + 1 + 9*j. What is o(4)?
5
Let b(a) = a**3 - 3*a**2 - 4*a - 4. Let q be b(4). Let i = q + 9. Suppose 0 = -2*s + 5 + i. Let h(r) = -r + 7. What is h(s)?
2
Let i(y) = y**3 - 3*y - 1. Let v be (123/82)/((-6)/8 - 0). Determine i(v).
-3
Let i = -20/9 + 43/18. Let k(u) be the second derivative of -3*u + 2*u**2 + 0 - i*u**3. Determine k(-3).
7
Let g(i) = -i + 8. Let c(v) = -7*v + 42. Let j be c(6). Determine g(j).
8
Let b(x) be the third derivative of -1/60*x**5 + 0*x + 0 - 5/24*x**4 + 4*x**2 - 2/3*x**3. Let r be (3/4)/((-1)/4). Calculate b(r).
2
Let c(w) = 6 - 3 + 3*w - 2*w**2 + w**2. Suppose 3*t = 6*t. Suppose t = 2*f + 2*f - 12. What is c(f)?
3
Suppose 2 = -4*w - 10. Let z(o) be the third derivative of o**4/12 + o**3/6 - o**2. Determine z(w).
-5
Let x be 1/(-3)*(-6)/(-1). Let r = x - 3. Let u(f) = -f**3 - 6*f**2 - 5*f - 2. What is u(r)?
-2
Let f be (-2)/(-8) + (-210)/40. Let k(t) = -t**3 - 5*t**2 - 2*t - 1. Give k(f).
9
Suppose -8 = -2*k + 2*b, 4*k + 4*b = 3*k - 11. Let i(r) = 2*r**2 - r. Give i(k).
1
Let j = -3 - -3. Let z(u) = -6*u + 3*u + 4 + 2*u - u**2 + j*u. What is z(-4)?
-8
Suppose -n - 4*z = -18, 0*n - 19 = 2*n - 3*z. Let l = -13 - -19. Let t(f) = -4 - f - l - f**2 + 9. Determine t(n).
-3
Suppose -5*g + 2*g = 6. Let m(h) = h**3 + 3*h**2 + h - 1. Let c be m(g). Let b(x) = x**2 - x + 1. Determine b(c).
1
Let u(c) = -c + 6. Let l = 15 + -10. What is u(l)?
1
Let g(n) = n**3 - 6*n**2 + 7*n - 3. Let w = 18 - 16. Suppose -10 = w*l, 5 = -f - 2*f - 4*l. Determine g(f).
7
Let f(n) be the second derivative of -n**4/2 + n**3/3 - n**2/2 - 8*n. Calculate f(1).
-5
Let g be 28/35*(-90)/(-12). Let n(m) = 3*m - 3*m + 5*m - m**2. Determine n(g).
-6
Let u(z) = 7*z + z**2 - 4*z + 2*z + 2. Suppose 2*x - 3 = 4*g + 3, 0 = -x - 3. Calculate u(g).
-4
Let y = -8 + 9. Let v(c) = 5 - 2 - y - 2*c. What is v(3)?
-4
Suppose -w + 2 - 3 = 0. Let o(k) be the second derivative of -k**5/40 - k**4/24 - 7*k**3/6 - 2*k. Let b(p) be the second derivative of o(p). Give b(w).
2
Let q(t) = -9*t + 11. Let o(d) = -15*d - 1. Let w be o(-1). Suppose -4*v - w = 6. Let z(f) = 4*f - 5. Let a(s) = v*z(s) - 2*q(s). Determine a(2).
-1
Let c = 1 + -6. Let i(b) = -b - 2. Calculate i(c).
3
Let a(b) = -2*b + 6. Let w be 26/6 - (-12)/18. Suppose 0 = 2*h + i - 9, -2*i - 11 = -2*h - w. Calculate a(h).
-2
Let d(g) be the third derivative of -g**6/120 + 2*g**5/15 - 7*g**4/24 - g**3/6 - 4*g**2. Give d(7).
-1
Let o(f) be the second derivative of -f**8/6720 + f**7/2520 + f**6/720 - f**4/4 + f. Let i(d) be the third derivative of o(d). What is i(-1)?
1
Suppose -5 + 7 = n. Let s(v) be the third derivative of 0*v**3 + 1/60*v**5 + 1/4*v**4 + 0*v + 0 - 3*v**n. Determine s(-6).
0
Let u(q) = q + 3. Suppose -4 = -4*t, -3*x + 2*t = -5*x - 2. What is u(x)?
1
Let g(d) = -6 - 2*d**2 - 4*d**3 - d - 7*d + 5*d**3 + 7*d**2. What is g(-6)?
6
Let x(w) = -w**3 - 3*w**2 - 3*w - 3. Suppose -2 = 6*f + 10. What is x(f)?
-1
Suppose 0 = -5*n + 2*n + 57. Suppose n - 44 = -5*k. Let x(w) = -5*w - 2. Let l(i) = -6*i - 3. Let p(z) = 4*l(z) - 5*x(z). What is p(k)?
3
Let i(d) = 5*d - 1. Let y = 8 - 4. Suppose 3*w + w = -y. Let v be i(w). Let b(u) = -2*u - 7. Determine b(v).
5
Let l(n) = -3*n**2 + 4*n - 2. Suppose 2*y - 3 = 1. Calculate l(y).
-6
Let m(g) = -g**3 + 2*g**2 + 2*g - 1. Let x be m(2). Let u(r) = r + 4 - 11 - 2 - x. Give u(6).
-6
Let k(n) = -2 + 15*n**2 - 7 - 23*n**2 + n**3. Calculate k(8).
-9
Let m(n) = -3*n + 3. Suppose 0 = -4*j - 5*f + f - 28, j + 5*f + 19 = 0. Determine m(j).
15
Let r = 14 - 10. Let m(i) = -4*i + 6. Let s(f) be the second derivative of f**3/2 - 5*f**2/2 - 3*f. Let z(v) = -4*m(v) - 5*s(v). What is z(r)?
5
Let b(p) = 2*p + 2 - p - 1 + 0*p. What is b(5)?
6
Let v(l) = l**3 - 2*l**2 - 2. Suppose -2*o = -7*o - u + 32, 20 = 5*o + 5*u. Let q = o + -5. Suppose q*t - n - 3*n = -12, 4*n - 14 = t. Calculate v(t).
-2
Suppose -4*y = -4*j + 28, -2*y - 5*j = -y - 11. Let x(w) be the third derivative of -w**6/120 - w**5/12 - 5*w**4/24 + w**3/3 + w**2. What is x(y)?
6
Suppose -3*q - 7 = 8. Let w(x) = -x**3 - 5*x**2 - 2*x + 6. Calculate w(q).
16
Let b(h) = 28*h - 52. Let k be b(2). Let w(v) be the third derivative of v**6/120 - v**5/12 + v**4/6 - 5*v**3/6 + v**2. Calculate w(k).
-5
Let q(l) = l**3 + 8*l**2 - 7*l + 11. Suppose 5*p = -19 - 26. Calculate q(p).
-7
Suppose -m + 5*m = s + 16, 8 = 3*s + 2*m. Suppose s = 5*h + 2*o - 20, -21 = -4*h - 2*o - 5. Let x(t) = -t**2 + 4*t - 4. Calculate x(h).
-4
Let x(s) be the second derivative of 1/2*s**3 + 0 - 2*s + 0*s**2. Give x(-2).
-6
Let f(x) = x + 2. Let a = 1 + 17. Suppose -a = 2*q + q. Let s be f(q). Let t(h) = h**3 + 3*h**2 - 5*h + 1. What is t(s)?
5
Let g(i) = 1 - 8 + 0 + 3*i. Suppose -3 = z + 3. Let q be 4 + z + 5 + 2. Calculate g(q).
8
Let d = -12 + 1. Let h = d - -12. Let i(f) = 7*f**3 - f**2 - f + 1. Determine i(h).
6
Let a(r) = -4 - 4*r - 5*r**3 - 6*r**3 + 10*r**3 - 5*r**2. Determine a(-4).
-4
Let d be 5/(-2) - (-2)/(-4). Let h = -1 - d. Suppose 0 = y + h*y - 3. Let n(j) = 4*j**2. Give n(y).
4
Let w(i) = -16*i**2 - 22*i + 51. Let b(h) = 3*h**2 + 4*h - 10. Let d(m) = 11*b(m) + 2*w(m). Give d(0).
-8
Suppose l = 5*i + 25 - 19, 2*l - 2 = 5*i. Let p(b) = -b**2 + 2*b + 2. Let u(q) = 2*q**2 - q - 3. Let a(y) = 3*p(y) + 2*u(y). Determine a(l).
0
Let z(r) = 7*r + 13. Suppose -3*l + 7 + 11 = 0. Let t(v) = -v - 2. Let d(p) = l*z(p) + 39*t(p). Determine d(-2).
-6
Let p(a) = 2*a**3 - 4*a**2 + a + 2. Let i = -2 - -1. Let t be ((-1)/4)/(i/28). Suppose -2*s = -t + 3. What is p(s)?
4
Let z(u) = 14 - 12*u + 2*u**3 - 22 - 3*u**3 + 14*u**2. Let t be z(13). Let j(d) = 0*d - 4 + d**2 - 1 - 6*d. Determine j(t).
-10
Let r(u) = 7*u - 2. Suppose -h - 18 = -4*h + 4*n, -4*h = -2*n - 14. Give r(h).
12
Let p(h) = -h - 2. Let k be p(-5). Suppose -5*m - 1 = -11. Let w(v) = -3 + 4*v**2 + 9*v - 5*v**m - 5*v. Give w(k).
0
Let o(v) = 7*v**3 - 2*v - 1. Let i = -1 - -5. Let p = -5 + i. Give o(p).
-6
Let i(r) = -4*r**2 + 3*r - 2. Let h(m) = -7*m**2 + 6*m - 3. Let l